r?
True
Is 230065939 a prime number?
False
Is 62842725839 a prime number?
True
Is 2291346723 a composite number?
True
Is 1630501921 prime?
True
Is 176649197 a composite number?
True
Is 486024317 a prime number?
True
Is 1373790998 composite?
True
Is 5377226419 prime?
False
Is 11903067247 prime?
True
Is 232832993 a prime number?
False
Is 24204855643 prime?
True
Is 80873684989 composite?
False
Is 25166069951 composite?
True
Is 221060025697 a composite number?
True
Is 285937447 a composite number?
False
Is 12607836557 a prime number?
False
Is 24411360761 composite?
True
Is 709906739 prime?
False
Is 1605324221 prime?
False
Is 659472157 composite?
False
Is 1614561853 a prime number?
True
Is 1231476781 prime?
True
Is 101086481 prime?
True
Is 1012389167 prime?
False
Is 13026270427 a prime number?
True
Is 16904608979 composite?
True
Is 174318349655 composite?
True
Is 26206936697 a composite number?
False
Is 84174807503 a prime number?
True
Is 1969967087 a composite number?
True
Is 16857853 composite?
True
Is 169750593235 a prime number?
False
Is 1797574661 prime?
True
Is 30062888171 prime?
True
Is 219439477 prime?
True
Is 56636988311 a prime number?
False
Is 52368809267 a composite number?
True
Is 39578656307 a prime number?
False
Is 52415178493 composite?
False
Is 7093437909 a composite number?
True
Is 18671417159 a prime number?
False
Is 938364187 prime?
False
Is 917081171 a composite number?
False
Is 70567550413 a prime number?
False
Is 435241213507 composite?
False
Is 5242771411 composite?
False
Is 572566327 a prime number?
True
Is 2554731691 composite?
False
Is 47477260603 a prime number?
True
Is 10578105017 composite?
False
Is 178813619 a composite number?
False
Is 2313713629 a composite number?
False
Is 9541157749 composite?
False
Is 50692221799 a composite number?
True
Is 1113265463 a composite number?
False
Is 3153808739 a prime number?
True
Is 59791238399 a prime number?
True
Is 2238994307 composite?
True
Is 972052813 prime?
True
Is 2725181699 composite?
False
Is 916295207 composite?
True
Is 228462372557 prime?
True
Is 1147679573 a composite number?
True
Is 334337447 a prime number?
True
Is 388086617 prime?
False
Is 1348741879 a prime number?
True
Is 32374336039 a composite number?
True
Is 20436905015 a prime number?
False
Is 17060896199 prime?
True
Is 11764812707 prime?
False
Is 97066679 composite?
False
Is 1548036883 composite?
False
Is 5408992397 a prime number?
True
Is 600442361 prime?
False
Is 1200542482999 a prime number?
True
Is 2288699887 composite?
False
Is 11373131059 composite?
False
Is 33254883781 composite?
True
Is 468475499 a prime number?
True
Is 117534651751 prime?
False
Is 439336919 a composite number?
True
Is 1984744219 composite?
True
Is 6663223243 a composite number?
False
Is 8544014363 a prime number?
True
Is 6558054031 a prime number?
False
Is 103086673 a composite number?
False
Is 481733779 a composite number?
False
Is 12470488903 a composite number?
True
Is 576533603 a composite number?
True
Is 307618745671 a prime number?
True
Is 17461311709 a prime number?
True
Is 3922296839 composite?
True
Is 638815769 a prime number?
False
Is 401028967 composite?
False
Is 2237216699 a prime number?
True
Is 9553769807 a composite number?
True
Is 854907451 composite?
True
Is 3730763369 a prime number?
False
Is 16535694317 a prime number?
False
Is 266307007 a composite number?
True
Is 3730950001 a composite number?
False
Is 17738453737 composite?
True
Is 33429200317 a composite number?
False
Is 24108472177 a composite number?
False
Is 487908217 composite?
False
Is 2953904203 a composite number?
False
Is 2477183351 a prime number?
False
Is 336953171 composite?
True
Is 13297595307 a composite number?
True
Is 755326307 prime?
False
Is 1763455781 a composite number?
True
Is 19462807846 a prime number?
False
Is 166759619429 a prime number?
False
Is 36376853122 a composite number?
True
Is 1348424549 composite?
False
Is 3390750989 prime?
True
Is 63917687 prime?
False
Is 12488779 prime?
True
Is 34180589 prime?
False
Is 300836885507 a prime number?
True
Is 15969366613 prime?
False
Is 37574224451 composite?
False
Is 39796386671 composite?
False
Is 26002813 a composite number?
False
Is 5559151067 a prime number?
True
Is 121018718981 a prime number?
False
Is 7091955679 composite?
True
Is 185203493 composite?
True
Is 485421571 a prime number?
True
Is 5641730323 a prime number?
True
Is 6850200767 prime?
False
Is 1665716077 a composite number?
False
Is 89139927817 prime?
True
Is 11083564493 a prime number?
True
Is 121573238401 a composite number?
False
Is 18354447581 a composite number?
False
Is 34945732579 composite?
False
Is 510980069 a prime number?
True
Is 3042612253 composite?
True
Is 751276237 prime?
True
Is 100652892202 prime?
False
Is 13848598373 a composite number?
False
Is 47164335523 composite?
True
Is 2462973769 composite?
True
Is 303658877 prime?
False
Is 30308349893 composite?
False
Is 4757714237 prime?
True
Is 816537287 composite?
False
Is 103373071 composite?
True
Is 480859907 prime?
False
Is 3259716329 prime?
True
Is 310914113 a prime number?
False
Is 3327358729 prime?
True
Is 372592901 a prime number?
True
Is 17335138423 composite?
False
Is 5129098705 prime?
False
Is 358627931 a prime number?
False
Is 752626307 a composite number?
False
Is 42853398239 prime?
True
Is 29455051981 a prime number?
True
Is 70104516821 prime?
True
Is 855325885 composite?
True
Is 6742991737 prime?
False
Is 147474589 prime?
False
Is 4914670237 a prime number?
True
Is 3647308451 composite?
False
Is 461243197 prime?
True
Is 85319239163 a composite number?
True
Is 116525394583 a composite number?
True
Is 23669894089 a prime number?
True
Is 132311683871 prime?
True
Is 31910488471 a composite number?
False
Is 466511035721 prime?
True
Is 6951936209 a prime number?
True
Is 495183827 a composite number?
False
Is 5807187769 a prime number?
False
Is 1365440807 composite?
False
Is 814327519 a composite number?
False
Is 615189371 composite?
False
Is 662540789 a composite number?
True
Is 40962311783 a prime number?
True
Is 59816145217 a prime number?
True
Is 109169513381 a prime number?
True
Is 52351629961 a composite number?
False
Is 6855906839 a composite number?
True
Is 10604355157 composite?
True
Is 1026747637 prime?
True
Is 41059841027 a composite number?
True
Is 57067821557 prime?
True
Is 20933315269 a composite number?
True
Is 6647656967 composite?
True
Is 7708454387 composite?
False
Is 4319115123 prime?
False
Is 422790365 composite?
True
Is 330226929751 a prime number?
True
Is 433082773 composite?
True
Is 578684221 a prime number?
False
Is 82792734565 a composite number?
True
Is 3894474673 prime?
False
Is 17229843061 prime?
False
Is 1406019521 a prime number?
False
Is 772504918 prime?
False
Is 2387815357 a prime number?
False
Is 64840990663 a prime number?
True
Is 169157119 a prime number?
True
Is 58769010823 a prime number?
False
Is 20631353713 a prime number?
True
Is 19970276369 a prime number?
True
Is 1579409771 composite?
False
Is 65461561 composite?
True
Is 29762953291 prime?
False
Is 1455931777 composite?
True
Is 2916622711 a prime number?
True
Is 9023640433 a composite number?
False
Is 122105731753 a prime number?
False
Is 99424487 prime?
True
Is 9369333451 a composite number?
False
Is 735576139 prime?
False
Is 592335571 a composite number?
False
Is 22797004511 a prime number?
False
Is 16743884117 a prime number?
True
Is 4678911961 composite?
True
Is 327360317 a prime number?
True
Is 202644009851 a composite number?
False
Is 453103711 a composite number?
False
Is 7429536949 composite?
True
Is 102692758265 a prime number?
False
Is 598289467 a composite number?
False
Is 1505076091 prime?
False
Is 7052919043 a prime number?
False
Is 74276737241 a composite number?
True
Is 3084280855 prime?
False
Is 5091687467 a composite number?
False
Is 3685573781 a composite number?
True
Is 99549466559 a composite number?
False
Is 14885856773 composite?
False
Is 28762914643 prime?
True
Is 23093930261 prime?
True
Is 875091527 a composite number?
True
Is 3599427197 a composite number?
False
Is 3912415681 composite?
False
Is 5291867081 composite?
False
Is 546459863 a composite number?
True
Is 143156314597 a composite number?
False
Is 2537555083 composite?
True
Is 693184